/(2/(-6)). Let z = 263 + o. Suppose k + g - 89 = 0, 4*g + 0*g - z = -2*k. What is the remainder when k is divided by 15?
11
Suppose -q + 0*q + 0*q + 708 = 0. What is the remainder when q is divided by 102?
96
Let i(c) = c**2 - 12*c + 18. Let d be i(10). Let s be 1/2 - 1/d*1. Calculate the remainder when -8*(s + 20)/(-3) is divided by 20.
16
Let g be (-25)/(-9) - 8/(-36). Suppose b + 270 = 2*f - 2*b, -g*f = 5*b - 367. Suppose -f = -3*o - 0*o. Calculate the remainder when 125 is divided by o.
39
Let k = 8592 + -8588. Calculate the remainder when 2222 is divided by k.
2
What is the remainder when -1*(-40)/140 - 4079/(-7) is divided by 20?
3
Let p(s) = 1216*s - 4590. What is the remainder when p(8) is divided by 53?
50
Suppose 17943 + 2173 = 47*u. Let q = u - 422. Calculate the remainder when 76 is divided by q.
4
Calculate the remainder when 6/(-5)*(-9 - 28616/16) is divided by 34.
15
Suppose 0 = -h + 9 + 7. Suppose 146*i = 100*i + 79*i - 9900. What is the remainder when i is divided by h?
12
Calculate the remainder when 4983 is divided by (36/(-62))/(-9) - (-19965)/465.
38
Let a(t) = -23*t**2 + 2*t + 2. Let n be a(-2). Let s = n + 164. Calculate the remainder when s is divided by ((-264)/154)/(21/(-147)).
10
Let v be 101 - (12/(-60) - 4/5). Suppose 0 = v*y - 101*y - 38. Calculate the remainder when y is divided by 4/2 - (-5 - 0).
3
Let z = 42 - 10. Suppose -62 = 3*r - 2*k - 172, -3*r + 4*k = -100. Calculate the remainder when r is divided by (-7)/(-21)*(1 + z).
7
Let y(m) = 2*m**2 + 23*m - 7. Let v be y(-10). Let c = 25 - v. Suppose 0 = f - 4*g - 22 - 3, -3*g - 45 = -2*f. What is the remainder when c is divided by f?
20
What is the remainder when -14 - -4 - (-1448)/(10 + -2) is divided by 116?
55
What is the remainder when 2*(-1)/3*-207 is divided by (-46 - 5822/(-123))*((-194)/(-8) - -2)?
33
Let w = -6767 + 6832. Calculate the remainder when 2010 is divided by w.
60
Let s = -117 - -257. Suppose -s*l + 134*l = -90. What is the remainder when 164 is divided by l?
14
Suppose 31 + 14 = 9*y. Suppose -2*l = v - 4, y*v - 4*l - 76 = -0*v. Calculate the remainder when (-30)/v*(-162)/15 is divided by 8.
3
Let l be (-3 - 2 - 277 - -1)*-1. Let o = l - 274. Calculate the remainder when 39 is divided by o.
4
Let j(u) = -2*u + 20. Let q be (-27)/27 - (-7 + 0 + 0). Calculate the remainder when 501 is divided by j(q).
5
Let j = 330 - 245. Calculate the remainder when 117 is divided by j.
32
Let j(s) = -s**2 + 38*s - 344. What is the remainder when (10/8)/(1/4) is divided by j(23)?
0
Let a = -7 + 16. Suppose -a*u - 66 + 264 = 0. Calculate the remainder when 65 is divided by u.
21
Let s(k) = -182*k + 1989. What is the remainder when s(10) is divided by 30?
19
Suppose 2*k - 103 = -5*q, 3*k = -3*q + k + 65. Suppose 4 - q = a. What is the remainder when 47 is divided by (1/6)/((-5)/a)*32?
15
Let l be 8/16*1*10. Suppose v = 2*q - 645, 5*q - l*v - 1305 = q. Let f = -172 + q. Calculate the remainder when f is divided by 25.
23
Let h(s) = -s - 23. Let x be h(11). What is the remainder when ((-28)/5)/(1/(x - -9)) is divided by 47?
46
Suppose -54*m + 66528 = 48*m - 6*m. Calculate the remainder when m is divided by 5.
3
Suppose 9*p - 12*p + k = -1617, 0 = 5*p + 2*k - 2717. What is the remainder when p is divided by 104?
21
Suppose 9*k - 232 = 5*k - 3*j, j = 5*k - 290. Calculate the remainder when 213 is divided by k.
39
Let t = -204 - -425. Suppose t = -4*j + 17*j. What is the remainder when 150 is divided by j?
14
Suppose -3*w - w = 20, -27 = -s + 5*w. Let t(r) = -11*r + 4. Let y be t(s). What is the remainder when 49 is divided by (0 + -17)*(5 - y/(-3))?
15
What is the remainder when 83/(-6 + 1 - (-7 + 2) - -1) is divided by 21?
20
Calculate the remainder when 540 is divided by 3*(-2 + 110/60)*-206.
25
Suppose 47*w - 799 - 372 = -325. Calculate the remainder when 508 is divided by w.
4
Let h = -2455 + 2885. Calculate the remainder when h is divided by 6.
4
Let d = 722 - 423. Suppose 89 = -6*r + d. Calculate the remainder when r is divided by 23.
12
Let a(g) = g**2 - 3*g - 24. Suppose -44*s + 17*s - 297 = 0. What is the remainder when a(s) is divided by 49?
32
Suppose 2*k - 382 = 5*s, 9*k - 13*k - s + 742 = 0. Let t = -146 + 199. Calculate the remainder when k is divided by t.
27
Suppose -3*h = 5*q - 11, -h - 2*q - 32 = -5*h. Suppose -159*w - 132*w = -2910. What is the remainder when w is divided by h?
3
Suppose 5*g - 41 = -6. Let f = 7 + -13. Let a = 5 - f. Calculate the remainder when a is divided by g.
4
Suppose -s + 8 = 1. Suppose -3*d = -s*d - 8. Let f(o) = -2*o**3 + 3*o - 2. Calculate the remainder when 21 is divided by f(d).
5
Let t(r) be the third derivative of 1/24*r**4 + 0*r + 30*r**2 + 1/40*r**6 + 1/3*r**3 + 1/60*r**5 + 0. What is the remainder when 59 is divided by t(2)?
27
Suppose 4*o + 3*o - 18275 = -4744. Calculate the remainder when o is divided by 9.
7
Let l be (-78)/10 - (-13)/(-65). Calculate the remainder when ((-8)/(-6))/(l/(-744)) is divided by 33 + 6 - 9/(-3).
40
Suppose -2*w = -b + 44, -4264*b + 4*w = -4261*b - 124. What is the remainder when 418 is divided by b?
22
Let t = -94 - -96. Let b be (t*(-1 + 2))/((-2)/(-3)). Calculate the remainder when 23 is divided by b/((-6)/(-4)) - (-35 - -24).
10
Let g(i) = i**2 + 111*i + 1432. Calculate the remainder when g(-8) is divided by (-128)/(-6) - (-2)/(-6).
20
Suppose 0 = 7*q + 6*q + 39. What is the remainder when 111 is divided by (-21)/(10/(20/q))?
13
Calculate the remainder when 194 is divided by ((-420)/(-36))/(-1)*-12.
54
Let g(x) = 3*x + 33. Suppose 15 = -0*u + 4*u + 5*n, -5*u - 3 = -n. What is the remainder when 161 is divided by g(u)?
29
Let d be 4/22 + 6924/33. Let a = d - 103. Calculate the remainder when a is divided by 11.
8
Suppose -9 + 177 = -4*i. Let y(b) = -5*b + 3. Let d be y(6). Let u = d - i. Calculate the remainder when u is divided by 4.
3
Let n = -80 - -140. Suppose -1839 = -3*u + 4*r, -119*u - 3570 = -125*u - r. What is the remainder when u is divided by n?
57
Suppose -45 = -3*v - 3*f, -2*v = 4*f + 3 - 41. Calculate the remainder when 222 is divided by v.
2
Suppose -t + 4*j + 378 = 0, 191*t + j + 402 = 192*t. Calculate the remainder when 864 is divided by t.
44
What is the remainder when 1498 is divided by ((-14)/(-280)*75)/((-6)/(-160))?
98
Let i = 80 - 26. Suppose 231 = 5*u - i. Suppose 0 = 2*t - 5*v - 270, -326 - u = -3*t + 2*v. What is the remainder when t is divided by 33?
26
Let m(n) = 7*n + 3. Let d be m(4). Let z = d - 9. Calculate the remainder when 8875/355 - (-104)/1 is divided by z.
19
Let q = 24887 + -23893. Calculate the remainder when 1997 is divided by q.
9
Let s = 120 + -341. Let j = -155 - s. Suppose -x = -5*g - 48, 2*x - g = -3*g + 36. Calculate the remainder when j is divided by x.
20
Suppose 9*l = 33*l - 432. Suppose 0 = 27*v - 34*v + 875. Calculate the remainder when v is divided by l.
17
Suppose -q + 23 = 3*s, 21 = 2*q - 0*q + s. Let f = -49588 + 49635. What is the remainder when f is divided by q?
7
What is the remainder when (2259/9 - 5)*34/204 is divided by 2/(-10) - 48/(-15)?
2
Suppose -106*a = 5*y - 107*a - 289, -5*a - 169 = -3*y. Calculate the remainder when y is divided by 45.
13
Let z(l) = -l**3 + 12*l**2 + 3*l - 28. Let d be z(12). Let j(u) = -u + 24. Let f be j(d). Suppose -42 = -m - f. What is the remainder when 102 is divided by m?
24
Let m = -158 + 161. Suppose 0 = 2*k - m*j - 14, 0 = 3*j - 22 + 10. What is the remainder when 38 is divided by k?
12
Suppose 1536 = 3*u + 4863. Let a = -880 - u. Calculate the remainder when a is divided by 46.
45
Let o(w) = 54*w - 37. Let u(g) = -g**2 + 6*g + 5. Let a be u(0). What is the remainder when o(a) is divided by 26?
25
Let p(c) = 15*c**3 - 7*c**2 - 10*c + 27. Calculate the remainder when p(3) is divided by 4.
3
Suppose -15*c = -19*c + 16, -5*y - 4*c = -291. What is the remainder when 767 is divided by y?
52
Suppose 305 = b - 183. Suppose -4*l - b = -3*i, 6*i - 3*i = 5*l + 484. Calculate the remainder when i is divided by 34.
32
Suppose -21 = -2*a - 5*a. Let l be (6/12)/(15/(-6))*-5. What is the remainder when (20/(-30))/((-2*l)/30) is divided by a?
1
Let p(n) = n**3 - 28*n**2 + 26*n + 39. Let w be p(27). Suppose -w = 26*f - 27*f. What is the remainder when 86 is divided by f?
2
Let i = 0 - -8. Suppose 7